{"id":334,"date":"2015-12-16T08:27:14","date_gmt":"2015-12-16T08:27:14","guid":{"rendered":"http:\/\/themewisdom.com\/demo\/wpm\/museum\/?page_id=6"},"modified":"2020-04-19T22:49:00","modified_gmt":"2020-04-19T19:49:00","slug":"contact-us-2","status":"publish","type":"page","link":"https:\/\/taskinmuzesi.dsi.gov.tr\/index.php\/contact-us-2\/","title":{"rendered":"Z\u0130YARET G\u00dcNLER\u0130 VE \u00dcCRET"},"content":{"rendered":"<p>[vc_row][vc_column]\t<!--======= ABOUT US =========-->\r\n\t<section class=\"sec-100px about\">\r\n\r\n\t\t<div class=\"container\">\r\n\r\n\t\t\t<div class=\"row\"> \r\n\r\n\t\t\t\t<!-- INTRO -->\r\n\t\t\t\t<div class=\"col-md-7\">\r\n\t\t\t\t\t<h4>\u0130lk \u0130nteraktif Ta\u015fk\u0131n M\u00fczesi<\/h4><hr>\t\t\t\t\t<p>D\u00fcnyada ta\u015fk\u0131n m\u00fczesi ad\u0131 alt\u0131nda daha \u00f6nce 3 adet m\u00fcze hayata ge\u00e7irilmi\u015f olmakla birlikte, bu m\u00fczeler sadece birer ta\u015fk\u0131n olay\u0131na hitap eden an\u0131 m\u00fczeleridir.\r\n\r\n\u00dclkemizde hayata ge\u00e7irilen ve tamamen \u00dcCRETS\u0130Z olan m\u00fczemiz ise d\u00fcnyadaki ilk \u0130nteraktif Ta\u015fk\u0131n M\u00fczesi olup ta\u015fk\u0131nla ilgili k\u0131sacas\u0131 \u201cher\u015feyi\u201d \u0131slanarak \u00f6\u011freneceksiniz.<\/p>\t\t\t\t\t<a href=http:\/\/taskinmuzesi.dsi.gov.tr\/index.php\/randevu\/>Randevu Al\u0131n <i class='fa fa-angle-right'><\/i><\/a>\t\t\t\t<\/div>\r\n\r\n\t\t\t\t<!-- TIMING -->\r\n\t\t\t\t<div class=\"col-md-5\">\r\n\t\t\t\t\t<div class=\"hrs\">\r\n\t\t\t\t\t\t<h3><i class='ion-ios-clock-outline'><\/i>Ziyaret Saatlerimiz<\/h3>\t\t\t\t\t\t\t\t<ul>\r\n\t\t\t\t\t\t\t\t\t<li class=\"col-md-5 no-padding\">\r\n\t\t\t\t\t\t\t\t\t\t<h5>Pazartesi hari\u00e7 her g\u00fcn<\/h5>\r\n\t\t\t\t\t\t\t\t\t\t<p>8:00 ila 17:00<\/p>\r\n\t\t\t\t\t\t\t\t\t<\/li>\r\n\t\t\t\t\t\t\t\t\t<li class=\"col-md-7 no-padding\">\r\n\t\t\t\t\t\t\t\t\t\t<span class=\"appoiment\">Okul ve Grup Ziyaretleri i\u00e7in Randevu Al\u0131n\u0131z..!<\/span>\r\n\t\t\t\t\t\t\t\t\t<\/li>\r\n\t\t\t\t\t\t\t\t<\/ul>\r\n\t\t\t\t\t\t\t\t\t\t\t\t\t<\/div>\r\n\t\t\t\t<\/div>\r\n\t\t\t<\/div>\r\n\t\t<\/div>\r\n\t<\/section>\r\n\t[\/vc_column][\/vc_row]<\/p>\n","protected":false},"excerpt":{"rendered":"<p>[vc_row][vc_column][\/vc_column][\/vc_row]<\/p>\n","protected":false},"author":1,"featured_media":0,"parent":0,"menu_order":0,"comment_status":"closed","ping_status":"closed","template":"","meta":{"footnotes":""},"_links":{"self":[{"href":"https:\/\/taskinmuzesi.dsi.gov.tr\/index.php\/wp-json\/wp\/v2\/pages\/334"}],"collection":[{"href":"https:\/\/taskinmuzesi.dsi.gov.tr\/index.php\/wp-json\/wp\/v2\/pages"}],"about":[{"href":"https:\/\/taskinmuzesi.dsi.gov.tr\/index.php\/wp-json\/wp\/v2\/types\/page"}],"author":[{"embeddable":true,"href":"https:\/\/taskinmuzesi.dsi.gov.tr\/index.php\/wp-json\/wp\/v2\/users\/1"}],"replies":[{"embeddable":true,"href":"https:\/\/taskinmuzesi.dsi.gov.tr\/index.php\/wp-json\/wp\/v2\/comments?post=334"}],"version-history":[{"count":4,"href":"https:\/\/taskinmuzesi.dsi.gov.tr\/index.php\/wp-json\/wp\/v2\/pages\/334\/revisions"}],"predecessor-version":[{"id":827,"href":"https:\/\/taskinmuzesi.dsi.gov.tr\/index.php\/wp-json\/wp\/v2\/pages\/334\/revisions\/827"}],"wp:attachment":[{"href":"https:\/\/taskinmuzesi.dsi.gov.tr\/index.php\/wp-json\/wp\/v2\/media?parent=334"}],"curies":[{"name":"wp","href":"https:\/\/api.w.org\/{rel}","templated":true}]}}