{"id":436,"date":"2020-03-26T04:53:29","date_gmt":"2020-03-26T01:53:29","guid":{"rendered":"http:\/\/localhost\/wordpress\/?page_id=436"},"modified":"2020-05-05T14:23:37","modified_gmt":"2020-05-05T11:23:37","slug":"is-makinalari","status":"publish","type":"page","link":"https:\/\/taskinmuzesi.dsi.gov.tr\/index.php\/is-makinalari\/","title":{"rendered":"\u0130\u015e MAK\u0130NALARI"},"content":{"rendered":"\n<figure class=\"wp-block-image size-large\"><img loading=\"lazy\" decoding=\"async\" width=\"1024\" height=\"414\" src=\"https:\/\/taskinmuzesi.dsi.gov.tr\/wp-content\/uploads\/2020\/05\/mt52-1024x414.jpg\" alt=\"\" class=\"wp-image-1055\" srcset=\"https:\/\/taskinmuzesi.dsi.gov.tr\/wp-content\/uploads\/2020\/05\/mt52-1024x414.jpg 1024w, https:\/\/taskinmuzesi.dsi.gov.tr\/wp-content\/uploads\/2020\/05\/mt52-300x121.jpg 300w, https:\/\/taskinmuzesi.dsi.gov.tr\/wp-content\/uploads\/2020\/05\/mt52-768x310.jpg 768w, https:\/\/taskinmuzesi.dsi.gov.tr\/wp-content\/uploads\/2020\/05\/mt52-1536x621.jpg 1536w, https:\/\/taskinmuzesi.dsi.gov.tr\/wp-content\/uploads\/2020\/05\/mt52.jpg 1918w\" sizes=\"(max-width: 1024px) 100vw, 1024px\" \/><\/figure>\n\n\n\n<p>Ta\u015fk\u0131n \u00f6ncesi, ta\u015fk\u0131n sonras\u0131 ve ta\u015fk\u0131n an\u0131nda elimiz, aya\u011f\u0131m\u0131z olan i\u015f makinalar\u0131m\u0131z.<\/p>\n\n\n\n<figure class=\"wp-block-image size-full\"><img loading=\"lazy\" decoding=\"async\" width=\"1918\" height=\"775\" src=\"https:\/\/taskinmuzesi.dsi.gov.tr\/wp-content\/uploads\/2020\/05\/mt53.jpg\" alt=\"\" class=\"wp-image-1056\" srcset=\"https:\/\/taskinmuzesi.dsi.gov.tr\/wp-content\/uploads\/2020\/05\/mt53.jpg 1918w, https:\/\/taskinmuzesi.dsi.gov.tr\/wp-content\/uploads\/2020\/05\/mt53-300x121.jpg 300w, https:\/\/taskinmuzesi.dsi.gov.tr\/wp-content\/uploads\/2020\/05\/mt53-1024x414.jpg 1024w, https:\/\/taskinmuzesi.dsi.gov.tr\/wp-content\/uploads\/2020\/05\/mt53-768x310.jpg 768w, https:\/\/taskinmuzesi.dsi.gov.tr\/wp-content\/uploads\/2020\/05\/mt53-1536x621.jpg 1536w\" sizes=\"(max-width: 1918px) 100vw, 1918px\" \/><\/figure>\n\n\n<div id=\"Block_wpape_gallery_69e26dd89ae98\" style=\"width:100%;margin: 0 auto;padding-left:5px;padding-top:5px;padding-right:5px;padding-bottom:5px; display: none;\"><div id=\"wpape_gallery_69e26dd89ae98\" data-options=\"wpape_gallery_69e26dd89ae98\" style=\"width:100%;\" class=\"wpape_gallery\"><div class=\"wpape-img category975\" ><div class=\"wpape-img-image  wpape-lightbox\"  ><div data-thumbnail=\"https:\/\/taskinmuzesi.dsi.gov.tr\/wp-content\/uploads\/2020\/05\/01-300x169.jpg\" title=\"01\" data-width=\"300\" data-height=\"169\" ><\/div><div data-popup=\"https:\/\/taskinmuzesi.dsi.gov.tr\/wp-content\/uploads\/2020\/05\/01.jpg\"  title=\"01\"><\/div><div class=\"thumbnail-overlay\"><div class=\"wpapeTitle \">01<\/div><div class=\"wpapeIcons\"><i class=\"fa fa-search wpapeZoomIcon \" ><\/i><\/div><\/div><\/div><\/div><div class=\"wpape-img category975\" ><div class=\"wpape-img-image  wpape-lightbox\"  ><div data-thumbnail=\"https:\/\/taskinmuzesi.dsi.gov.tr\/wp-content\/uploads\/2020\/05\/02-300x169.jpg\" title=\"02\" data-width=\"300\" data-height=\"169\" ><\/div><div data-popup=\"https:\/\/taskinmuzesi.dsi.gov.tr\/wp-content\/uploads\/2020\/05\/02.jpg\"  title=\"02\"><\/div><div class=\"thumbnail-overlay\"><div class=\"wpapeTitle \">02<\/div><div class=\"wpapeIcons\"><i class=\"fa fa-search wpapeZoomIcon \" ><\/i><\/div><\/div><\/div><\/div><div class=\"wpape-img category975\" ><div class=\"wpape-img-image  wpape-lightbox\"  ><div data-thumbnail=\"https:\/\/taskinmuzesi.dsi.gov.tr\/wp-content\/uploads\/2020\/05\/03-300x169.jpg\" title=\"03\" data-width=\"300\" data-height=\"169\" ><\/div><div data-popup=\"https:\/\/taskinmuzesi.dsi.gov.tr\/wp-content\/uploads\/2020\/05\/03.jpg\"  title=\"03\"><\/div><div class=\"thumbnail-overlay\"><div class=\"wpapeTitle \">03<\/div><div class=\"wpapeIcons\"><i class=\"fa fa-search wpapeZoomIcon \" ><\/i><\/div><\/div><\/div><\/div><div class=\"wpape-img category975\" ><div class=\"wpape-img-image  wpape-lightbox\"  ><div data-thumbnail=\"https:\/\/taskinmuzesi.dsi.gov.tr\/wp-content\/uploads\/2020\/05\/04-300x169.jpg\" title=\"04\" data-width=\"300\" data-height=\"169\" ><\/div><div data-popup=\"https:\/\/taskinmuzesi.dsi.gov.tr\/wp-content\/uploads\/2020\/05\/04.jpg\"  title=\"04\"><\/div><div class=\"thumbnail-overlay\"><div class=\"wpapeTitle \">04<\/div><div class=\"wpapeIcons\"><i class=\"fa fa-search wpapeZoomIcon \" ><\/i><\/div><\/div><\/div><\/div><div class=\"wpape-img category975\" ><div class=\"wpape-img-image  wpape-lightbox\"  ><div data-thumbnail=\"https:\/\/taskinmuzesi.dsi.gov.tr\/wp-content\/uploads\/2020\/05\/05-300x169.jpg\" title=\"05\" data-width=\"300\" data-height=\"169\" ><\/div><div data-popup=\"https:\/\/taskinmuzesi.dsi.gov.tr\/wp-content\/uploads\/2020\/05\/05.jpg\"  title=\"05\"><\/div><div class=\"thumbnail-overlay\"><div class=\"wpapeTitle \">05<\/div><div class=\"wpapeIcons\"><i class=\"fa fa-search wpapeZoomIcon \" ><\/i><\/div><\/div><\/div><\/div><div class=\"wpape-img category975\" ><div class=\"wpape-img-image  wpape-lightbox\"  ><div data-thumbnail=\"https:\/\/taskinmuzesi.dsi.gov.tr\/wp-content\/uploads\/2020\/05\/06-300x169.jpg\" title=\"06\" data-width=\"300\" data-height=\"169\" ><\/div><div data-popup=\"https:\/\/taskinmuzesi.dsi.gov.tr\/wp-content\/uploads\/2020\/05\/06.jpg\"  title=\"06\"><\/div><div class=\"thumbnail-overlay\"><div class=\"wpapeTitle \">06<\/div><div class=\"wpapeIcons\"><i class=\"fa fa-search wpapeZoomIcon \" ><\/i><\/div><\/div><\/div><\/div><div class=\"wpape-img category975\" ><div class=\"wpape-img-image  wpape-lightbox\"  ><div data-thumbnail=\"https:\/\/taskinmuzesi.dsi.gov.tr\/wp-content\/uploads\/2020\/05\/07-300x169.jpg\" title=\"07\" data-width=\"300\" data-height=\"169\" ><\/div><div data-popup=\"https:\/\/taskinmuzesi.dsi.gov.tr\/wp-content\/uploads\/2020\/05\/07.jpg\"  title=\"07\"><\/div><div class=\"thumbnail-overlay\"><div class=\"wpapeTitle \">07<\/div><div class=\"wpapeIcons\"><i class=\"fa fa-search wpapeZoomIcon \" ><\/i><\/div><\/div><\/div><\/div><div class=\"wpape-img category975\" ><div class=\"wpape-img-image  wpape-lightbox\"  ><div data-thumbnail=\"https:\/\/taskinmuzesi.dsi.gov.tr\/wp-content\/uploads\/2020\/05\/08-300x169.jpg\" title=\"08\" data-width=\"300\" data-height=\"169\" ><\/div><div data-popup=\"https:\/\/taskinmuzesi.dsi.gov.tr\/wp-content\/uploads\/2020\/05\/08.jpg\"  title=\"08\"><\/div><div class=\"thumbnail-overlay\"><div class=\"wpapeTitle \">08<\/div><div class=\"wpapeIcons\"><i class=\"fa fa-search wpapeZoomIcon \" ><\/i><\/div><\/div><\/div><\/div><div class=\"wpape-img category975\" ><div class=\"wpape-img-image  wpape-lightbox\"  ><div data-thumbnail=\"https:\/\/taskinmuzesi.dsi.gov.tr\/wp-content\/uploads\/2020\/05\/09-300x169.jpg\" title=\"09\" data-width=\"300\" data-height=\"169\" ><\/div><div data-popup=\"https:\/\/taskinmuzesi.dsi.gov.tr\/wp-content\/uploads\/2020\/05\/09.jpg\"  title=\"09\"><\/div><div class=\"thumbnail-overlay\"><div class=\"wpapeTitle \">09<\/div><div class=\"wpapeIcons\"><i class=\"fa fa-search wpapeZoomIcon \" ><\/i><\/div><\/div><\/div><\/div><div class=\"wpape-img category975\" ><div class=\"wpape-img-image  wpape-lightbox\"  ><div data-thumbnail=\"https:\/\/taskinmuzesi.dsi.gov.tr\/wp-content\/uploads\/2020\/05\/10-300x169.jpg\" title=\"10\" data-width=\"300\" data-height=\"169\" ><\/div><div data-popup=\"https:\/\/taskinmuzesi.dsi.gov.tr\/wp-content\/uploads\/2020\/05\/10.jpg\"  title=\"10\"><\/div><div class=\"thumbnail-overlay\"><div class=\"wpapeTitle \">10<\/div><div class=\"wpapeIcons\"><i class=\"fa fa-search wpapeZoomIcon \" ><\/i><\/div><\/div><\/div><\/div><div class=\"wpape-img category975\" ><div class=\"wpape-img-image  wpape-lightbox\"  ><div data-thumbnail=\"https:\/\/taskinmuzesi.dsi.gov.tr\/wp-content\/uploads\/2020\/05\/11-300x169.jpg\" title=\"11\" data-width=\"300\" data-height=\"169\" ><\/div><div data-popup=\"https:\/\/taskinmuzesi.dsi.gov.tr\/wp-content\/uploads\/2020\/05\/11.jpg\"  title=\"11\"><\/div><div class=\"thumbnail-overlay\"><div class=\"wpapeTitle \">11<\/div><div class=\"wpapeIcons\"><i class=\"fa fa-search wpapeZoomIcon \" ><\/i><\/div><\/div><\/div><\/div><div class=\"wpape-img category975\" ><div class=\"wpape-img-image  wpape-lightbox\"  ><div data-thumbnail=\"https:\/\/taskinmuzesi.dsi.gov.tr\/wp-content\/uploads\/2020\/05\/12-300x169.jpg\" title=\"12\" data-width=\"300\" data-height=\"169\" ><\/div><div data-popup=\"https:\/\/taskinmuzesi.dsi.gov.tr\/wp-content\/uploads\/2020\/05\/12.jpg\"  title=\"12\"><\/div><div class=\"thumbnail-overlay\"><div class=\"wpapeTitle \">12<\/div><div class=\"wpapeIcons\"><i class=\"fa fa-search wpapeZoomIcon \" ><\/i><\/div><\/div><\/div><\/div><\/div><\/div><script>var wpape_gallery_69e26dd89ae98 = {\"filterContainer\": \"#wpape_gallery_69e26dd89ae98filter\", \"touch\": 1, \"columns\": 3, \"columnWidth\": \"auto\", \"resolutions\": [ ,  , ], \"borderSize\": \"2\", \"overlayEffect\": \"direction-aware-fade\", \"boxesToLoadStart\": \"9\", \"boxesToLoad\": \"6\", \"lazyLoad\": true, \"LoadingWord\": \"Gallery images loading\", \"loadMoreWord\": \"More images\", \"noMoreEntriesWord\": \"No images\", \"loadMoreClass\": \" apebtn apebtn-flat apebtn-primary \", \"horizontalSpaceBetweenBoxes\": 10, \"verticalSpaceBetweenBoxes\": 10}, wpape_gallery_69e26dd89ae98_css = \"body .mfp-ready.mfp-bg{background-color: rgba(11,11,11,0.8);}.mfp-container .mfp-arrow{display:none;}#wpape_gallery_69e26dd89ae98 .wpape-img-container{ -webkit-border-radius: 5px;-moz-border-radius: 5px;border-radius: 5px;border: 2px solid rgb(38,107,46) ;-webkit-box-shadow:0px 3px 5px rgba(70, 36, 36, 0.65) ;-moz-box-shadow: \t0px 3px 5px rgba(70, 36, 36, 0.65) ;-o-box-shadow: \t0px 3px 5px rgba(70, 36, 36, 0.65) ;-ms-box-shadow: \t0px 3px 5px rgba(70, 36, 36, 0.65) ;box-shadow: \t\t0px 3px 5px rgba(70, 36, 36, 0.65) ;}#wpape_gallery_69e26dd89ae98 .wpapeTitle{ font-size:12px; line-height:88%; color:#ffffff;}#wpape_gallery_69e26dd89ae98 .wpapeTitle:hover{color:#ffffff;}#wpape_gallery_69e26dd89ae98 .thumbnail-overlay{background:rgba(7,7,7,0.5);}#wpape_gallery_69e26dd89ae98 .wpapeZoomIcon{ font-size:22px; line-height:100%; color:#ffffff;background:rgba(0,0,0,0);}#wpape_gallery_69e26dd89ae98 .wpapeZoomIcon:hover{color:#ffffff;background:rgba(0,0,0,0);}#wpape_gallery_69e26dd89ae98 .image-with-dimensions{background-color: rgba(255,255,255,1);}body .mfp-title, body .mfp-counter{color: rgb(243,243,243);}\",apeGalleryDelay = 0; head = document.head || document.getElementsByTagName(\"head\")[0], style = document.createElement(\"style\"); style.type = \"text\/css\"; if (style.styleSheet) style.styleSheet.cssText = wpape_gallery_69e26dd89ae98_css; \telse  style.appendChild(document.createTextNode(wpape_gallery_69e26dd89ae98_css)); head.appendChild(style);<\/script>","protected":false},"excerpt":{"rendered":"<p>Ta\u015fk\u0131n \u00f6ncesi, ta\u015fk\u0131n sonras\u0131 ve ta\u015fk\u0131n an\u0131nda elimiz, aya\u011f\u0131m\u0131z olan i\u015f makinalar\u0131m\u0131z.<\/p>\n","protected":false},"author":1,"featured_media":0,"parent":0,"menu_order":0,"comment_status":"closed","ping_status":"closed","template":"","meta":{"footnotes":""},"_links":{"self":[{"href":"https:\/\/taskinmuzesi.dsi.gov.tr\/index.php\/wp-json\/wp\/v2\/pages\/436"}],"collection":[{"href":"https:\/\/taskinmuzesi.dsi.gov.tr\/index.php\/wp-json\/wp\/v2\/pages"}],"about":[{"href":"https:\/\/taskinmuzesi.dsi.gov.tr\/index.php\/wp-json\/wp\/v2\/types\/page"}],"author":[{"embeddable":true,"href":"https:\/\/taskinmuzesi.dsi.gov.tr\/index.php\/wp-json\/wp\/v2\/users\/1"}],"replies":[{"embeddable":true,"href":"https:\/\/taskinmuzesi.dsi.gov.tr\/index.php\/wp-json\/wp\/v2\/comments?post=436"}],"version-history":[{"count":4,"href":"https:\/\/taskinmuzesi.dsi.gov.tr\/index.php\/wp-json\/wp\/v2\/pages\/436\/revisions"}],"predecessor-version":[{"id":1065,"href":"https:\/\/taskinmuzesi.dsi.gov.tr\/index.php\/wp-json\/wp\/v2\/pages\/436\/revisions\/1065"}],"wp:attachment":[{"href":"https:\/\/taskinmuzesi.dsi.gov.tr\/index.php\/wp-json\/wp\/v2\/media?parent=436"}],"curies":[{"name":"wp","href":"https:\/\/api.w.org\/{rel}","templated":true}]}}