{"id":592,"date":"2020-04-02T02:20:20","date_gmt":"2020-04-01T23:20:20","guid":{"rendered":"http:\/\/taskinmuzesi.dsi.gov.tr\/?page_id=592"},"modified":"2020-05-05T14:34:04","modified_gmt":"2020-05-05T11:34:04","slug":"mobil-taskin-koordinasyon-merkezi","status":"publish","type":"page","link":"https:\/\/taskinmuzesi.dsi.gov.tr\/index.php\/mobil-taskin-koordinasyon-merkezi\/","title":{"rendered":"MOB\u0130L TA\u015eKIN KOORD\u0130NASYON MERKEZ\u0130"},"content":{"rendered":"\n<figure class=\"wp-block-image size-large\"><img loading=\"lazy\" decoding=\"async\" width=\"1024\" height=\"414\" src=\"https:\/\/taskinmuzesi.dsi.gov.tr\/wp-content\/uploads\/2020\/04\/mt23-1024x414.jpg\" alt=\"\" class=\"wp-image-587\" srcset=\"https:\/\/taskinmuzesi.dsi.gov.tr\/wp-content\/uploads\/2020\/04\/mt23-1024x414.jpg 1024w, https:\/\/taskinmuzesi.dsi.gov.tr\/wp-content\/uploads\/2020\/04\/mt23-300x121.jpg 300w, https:\/\/taskinmuzesi.dsi.gov.tr\/wp-content\/uploads\/2020\/04\/mt23-768x310.jpg 768w, https:\/\/taskinmuzesi.dsi.gov.tr\/wp-content\/uploads\/2020\/04\/mt23-1536x621.jpg 1536w, https:\/\/taskinmuzesi.dsi.gov.tr\/wp-content\/uploads\/2020\/04\/mt23.jpg 1918w\" sizes=\"(max-width: 1024px) 100vw, 1024px\" \/><\/figure>\n\n\n\n<p>Ta\u015fk\u0131n an\u0131nda gerekli\nolan \u00e7al\u0131\u015fman\u0131n do\u011fru, s\u00fcratli ve koordineli olarak ger\u00e7ekle\u015ftirilmesinin\nhayati \u00f6nemi vard\u0131r. Ancak olay s\u0131ras\u0131ndaki kaos ortam\u0131nda uygun bir\nkoordinasyon merkezinin ve gerekli malzemelerin tedarik edilmesinde s\u0131k\u0131nt\u0131lar\nya\u015fanabilmektedir.<\/p>\n\n\n\n<p>DS\u0130 22. B\u00f6lge M\u00fcd\u00fcrl\u00fc\u011f\u00fc\ntaraf\u0131ndan say\u0131lan ihtiyaca binaen bir \u201cmobil ta\u015fk\u0131n koordinasyon merkezi\u201d\nkurulmu\u015ftur. At\u0131l durumdaki bir konteyn\u0131rdan idari imk\u00e2nlar ile d\u00f6n\u00fc\u015ft\u00fcr\u00fclen\nmerkez, afet an\u0131nda istenilen yerde g\u00fcvenli b\u00f6lgeye hemen ta\u015f\u0131nabilecektir.<\/p>\n\n\n\n<p>Koordinasyon merkezinde,\nta\u015fk\u0131n tehlike haritalar\u0131, seyyar telsiz r\u00f6lesi, uydu internet ve telefonu,\njenerat\u00f6r, ilk yard\u0131m ekipmanlar\u0131, can yele\u011fi, \u00e7izme, hoparl\u00f6r gibi ta\u015fk\u0131n\nan\u0131nda laz\u0131m olabilecek onlarca malzemenin yan\u0131nda merkez i\u00e7erisinde konaklama\nimkan\u0131 da mevcuttur.<\/p>\n\n\n\n<p>Yap\u0131lacak koordineli\n\u00e7al\u0131\u015fmalar sayesinde ta\u015fk\u0131n zarar\u0131n\u0131n, can ve mal kayb\u0131n\u0131n azalt\u0131lmas\u0131\nsa\u011flanacakt\u0131r.<\/p>\n\n\n\n<figure class=\"wp-block-image size-large\"><img loading=\"lazy\" decoding=\"async\" width=\"1024\" height=\"414\" src=\"https:\/\/taskinmuzesi.dsi.gov.tr\/wp-content\/uploads\/2020\/04\/mt24-1024x414.jpg\" alt=\"\" class=\"wp-image-588\" srcset=\"https:\/\/taskinmuzesi.dsi.gov.tr\/wp-content\/uploads\/2020\/04\/mt24-1024x414.jpg 1024w, https:\/\/taskinmuzesi.dsi.gov.tr\/wp-content\/uploads\/2020\/04\/mt24-300x121.jpg 300w, https:\/\/taskinmuzesi.dsi.gov.tr\/wp-content\/uploads\/2020\/04\/mt24-768x310.jpg 768w, https:\/\/taskinmuzesi.dsi.gov.tr\/wp-content\/uploads\/2020\/04\/mt24-1536x621.jpg 1536w, https:\/\/taskinmuzesi.dsi.gov.tr\/wp-content\/uploads\/2020\/04\/mt24.jpg 1918w\" sizes=\"(max-width: 1024px) 100vw, 1024px\" \/><\/figure>\n","protected":false},"excerpt":{"rendered":"<p>Ta\u015fk\u0131n an\u0131nda gerekli olan \u00e7al\u0131\u015fman\u0131n do\u011fru, s\u00fcratli ve koordineli olarak ger\u00e7ekle\u015ftirilmesinin hayati \u00f6nemi vard\u0131r. Ancak olay s\u0131ras\u0131ndaki kaos ortam\u0131nda uygun bir koordinasyon merkezinin ve gerekli malzemelerin tedarik edilmesinde s\u0131k\u0131nt\u0131lar ya\u015fanabilmektedir. DS\u0130 22. B\u00f6lge M\u00fcd\u00fcrl\u00fc\u011f\u00fc taraf\u0131ndan say\u0131lan ihtiyaca binaen bir \u201cmobil ta\u015fk\u0131n koordinasyon merkezi\u201d kurulmu\u015ftur. At\u0131l durumdaki bir konteyn\u0131rdan idari imk\u00e2nlar ile d\u00f6n\u00fc\u015ft\u00fcr\u00fclen merkez, afet an\u0131nda [&hellip;]<\/p>\n","protected":false},"author":1,"featured_media":0,"parent":0,"menu_order":0,"comment_status":"closed","ping_status":"closed","template":"","meta":{"footnotes":""},"_links":{"self":[{"href":"https:\/\/taskinmuzesi.dsi.gov.tr\/index.php\/wp-json\/wp\/v2\/pages\/592"}],"collection":[{"href":"https:\/\/taskinmuzesi.dsi.gov.tr\/index.php\/wp-json\/wp\/v2\/pages"}],"about":[{"href":"https:\/\/taskinmuzesi.dsi.gov.tr\/index.php\/wp-json\/wp\/v2\/types\/page"}],"author":[{"embeddable":true,"href":"https:\/\/taskinmuzesi.dsi.gov.tr\/index.php\/wp-json\/wp\/v2\/users\/1"}],"replies":[{"embeddable":true,"href":"https:\/\/taskinmuzesi.dsi.gov.tr\/index.php\/wp-json\/wp\/v2\/comments?post=592"}],"version-history":[{"count":2,"href":"https:\/\/taskinmuzesi.dsi.gov.tr\/index.php\/wp-json\/wp\/v2\/pages\/592\/revisions"}],"predecessor-version":[{"id":1066,"href":"https:\/\/taskinmuzesi.dsi.gov.tr\/index.php\/wp-json\/wp\/v2\/pages\/592\/revisions\/1066"}],"wp:attachment":[{"href":"https:\/\/taskinmuzesi.dsi.gov.tr\/index.php\/wp-json\/wp\/v2\/media?parent=592"}],"curies":[{"name":"wp","href":"https:\/\/api.w.org\/{rel}","templated":true}]}}